{"id":1741,"date":"2021-10-04T10:12:42","date_gmt":"2021-10-04T10:12:42","guid":{"rendered":"http:\/\/yogaleonburgonuevo.com\/?page_id=1741"},"modified":"2022-02-11T14:22:12","modified_gmt":"2022-02-11T14:22:12","slug":"prensa-y-medios-2","status":"publish","type":"page","link":"https:\/\/yogaleonburgonuevo.com\/index.php\/prensa-y-medios-2\/","title":{"rendered":"PRENSA Y MEDIOS"},"content":{"rendered":"\n<p><\/p>\n\n\n\n<p>Reportaje para TV Le\u00f3n, prop\u00f3sitos 2022: practicar yoga:<\/p>\n\n\n\n<figure class=\"wp-block-embed-youtube wp-block-embed is-type-video is-provider-youtube wp-embed-aspect-16-9 wp-has-aspect-ratio\"><div class=\"wp-block-embed__wrapper\">\n<iframe title=\"CENTRO YOGA LEON BURGO NUEVO. Reportaje en TV Le\u00f3n Febrero 2022\" width=\"800\" height=\"450\" src=\"https:\/\/www.youtube.com\/embed\/9WBwCxQlDTw?feature=oembed\" frameborder=\"0\" allow=\"accelerometer; autoplay; clipboard-write; encrypted-media; gyroscope; picture-in-picture\" allowfullscreen><\/iframe>\n<\/div><\/figure>\n\n\n\n<p>29 Noviembre La nueva Cr\u00f3nica, Le\u00f3n. Entrevista:<\/p>\n\n\n\n<figure class=\"wp-block-image size-large is-resized\"><img fetchpriority=\"high\" decoding=\"async\" src=\"http:\/\/yogaleonburgonuevo.com\/wp-content\/uploads\/2021\/11\/20211101_201455-412x1024.jpg\" alt=\"\" class=\"wp-image-1787\" width=\"377\" height=\"937\" srcset=\"https:\/\/yogaleonburgonuevo.com\/wp-content\/uploads\/2021\/11\/20211101_201455-412x1024.jpg 412w, https:\/\/yogaleonburgonuevo.com\/wp-content\/uploads\/2021\/11\/20211101_201455-121x300.jpg 121w, https:\/\/yogaleonburgonuevo.com\/wp-content\/uploads\/2021\/11\/20211101_201455-768x1908.jpg 768w, https:\/\/yogaleonburgonuevo.com\/wp-content\/uploads\/2021\/11\/20211101_201455-618x1536.jpg 618w, https:\/\/yogaleonburgonuevo.com\/wp-content\/uploads\/2021\/11\/20211101_201455-824x2048.jpg 824w, https:\/\/yogaleonburgonuevo.com\/wp-content\/uploads\/2021\/11\/20211101_201455-scaled.jpg 1030w\" sizes=\"(max-width: 377px) 100vw, 377px\" \/><\/figure>\n\n\n\n<p>Entrevista para radio a comienzos de septiembre 21 en Onda Cero, espero que os guste:<\/p>\n\n\n\n<p><a href=\"https:\/\/www.dropbox.com\/s\/6hjbzvfexdqbs0q\/AUD-20210930-WA0032.mp3?dl=0\">https:\/\/www.dropbox.com\/s\/6hjbzvfexdqbs0q\/AUD-20210930-WA0032.mp3?dl=0<\/a><\/p>\n\n\n\n<p><\/p>\n\n\n\n<div class=\"wp-block-image\"><figure class=\"aligncenter\"><img decoding=\"async\" src=\"http:\/\/yogaleonburgonuevo.com\/wp-content\/uploads\/2021\/10\/n-1.jpg\" alt=\"La imagen tiene un atributo ALT vac\u00edo; su nombre de archivo es n-1.jpg\"\/><\/figure><\/div>\n\n\n\n<p class=\"has-text-align-center\">Y aqu\u00ed os dejo una peque\u00f1a intervenci\u00f3n en televisi\u00f3n de Le\u00f3n all\u00e1 por el 2012 (pinchando en el enlace):<\/p>\n\n\n\n<p><a href=\"https:\/\/www.dropbox.com\/s\/0lzmqjpua0u3z6s\/Televisi%C3%B3n%20le%C3%B3n%202012.mp4?dl=0\">https:\/\/www.dropbox.com\/s\/0lzmqjpua0u3z6s\/Televisi%C3%B3n%20le%C3%B3n%202012.mp4?dl=0<\/a><\/p>\n","protected":false},"excerpt":{"rendered":"<p>Reportaje para TV Le\u00f3n, prop\u00f3sitos 2022: practicar yoga: 29 Noviembre La nueva Cr\u00f3nica, Le\u00f3n. Entrevista: Entrevista para radio a comienzos de septiembre 21 en Onda Cero, espero que os guste: https:\/\/www.dropbox.com\/s\/6hjbzvfexdqbs0q\/AUD-20210930-WA0032.mp3?dl=0 Y aqu\u00ed os dejo una peque\u00f1a intervenci\u00f3n en televisi\u00f3n de Le\u00f3n all\u00e1 por el 2012 (pinchando en el enlace): https:\/\/www.dropbox.com\/s\/0lzmqjpua0u3z6s\/Televisi%C3%B3n%20le%C3%B3n%202012.mp4?dl=0<\/p>\n","protected":false},"author":1,"featured_media":0,"parent":0,"menu_order":11,"comment_status":"open","ping_status":"closed","template":"","meta":{"footnotes":""},"class_list":["post-1741","page","type-page","status-publish","hentry"],"_links":{"self":[{"href":"https:\/\/yogaleonburgonuevo.com\/index.php\/wp-json\/wp\/v2\/pages\/1741","targetHints":{"allow":["GET"]}}],"collection":[{"href":"https:\/\/yogaleonburgonuevo.com\/index.php\/wp-json\/wp\/v2\/pages"}],"about":[{"href":"https:\/\/yogaleonburgonuevo.com\/index.php\/wp-json\/wp\/v2\/types\/page"}],"author":[{"embeddable":true,"href":"https:\/\/yogaleonburgonuevo.com\/index.php\/wp-json\/wp\/v2\/users\/1"}],"replies":[{"embeddable":true,"href":"https:\/\/yogaleonburgonuevo.com\/index.php\/wp-json\/wp\/v2\/comments?post=1741"}],"version-history":[{"count":4,"href":"https:\/\/yogaleonburgonuevo.com\/index.php\/wp-json\/wp\/v2\/pages\/1741\/revisions"}],"predecessor-version":[{"id":1839,"href":"https:\/\/yogaleonburgonuevo.com\/index.php\/wp-json\/wp\/v2\/pages\/1741\/revisions\/1839"}],"wp:attachment":[{"href":"https:\/\/yogaleonburgonuevo.com\/index.php\/wp-json\/wp\/v2\/media?parent=1741"}],"curies":[{"name":"wp","href":"https:\/\/api.w.org\/{rel}","templated":true}]}}

<p></p>



<p>Reportaje para TV León, propósitos 2022: practicar yoga:</p>



<figure class="wp-block-embed-youtube wp-block-embed is-type-video is-provider-youtube wp-embed-aspect-16-9 wp-has-aspect-ratio"><div class="wp-block-embed__wrapper">
<iframe title="CENTRO YOGA LEON BURGO NUEVO. Reportaje en TV León Febrero 2022" width="800" height="450" src="https://www.youtube.com/embed/9WBwCxQlDTw?feature=oembed" frameborder="0" allow="accelerometer; autoplay; clipboard-write; encrypted-media; gyroscope; picture-in-picture" allowfullscreen></iframe>
</div></figure>



<p>29 Noviembre La nueva Crónica, León. Entrevista:</p>



<figure class="wp-block-image size-large is-resized"><img fetchpriority="high" decoding="async" src="http://yogaleonburgonuevo.com/wp-content/uploads/2021/11/20211101_201455-412x1024.jpg" alt="" class="wp-image-1787" width="377" height="937" srcset="https://yogaleonburgonuevo.com/wp-content/uploads/2021/11/20211101_201455-412x1024.jpg 412w, https://yogaleonburgonuevo.com/wp-content/uploads/2021/11/20211101_201455-121x300.jpg 121w, https://yogaleonburgonuevo.com/wp-content/uploads/2021/11/20211101_201455-768x1908.jpg 768w, https://yogaleonburgonuevo.com/wp-content/uploads/2021/11/20211101_201455-618x1536.jpg 618w, https://yogaleonburgonuevo.com/wp-content/uploads/2021/11/20211101_201455-824x2048.jpg 824w, https://yogaleonburgonuevo.com/wp-content/uploads/2021/11/20211101_201455-scaled.jpg 1030w" sizes="(max-width: 377px) 100vw, 377px" /></figure>



<p>Entrevista para radio a comienzos de septiembre 21 en Onda Cero, espero que os guste:</p>



<p><a href="https://www.dropbox.com/s/6hjbzvfexdqbs0q/AUD-20210930-WA0032.mp3?dl=0">https://www.dropbox.com/s/6hjbzvfexdqbs0q/AUD-20210930-WA0032.mp3?dl=0</a></p>



<p></p>



<div class="wp-block-image"><figure class="aligncenter"><img decoding="async" src="http://yogaleonburgonuevo.com/wp-content/uploads/2021/10/n-1.jpg" alt="La imagen tiene un atributo ALT vacío; su nombre de archivo es n-1.jpg"/></figure></div>



<p class="has-text-align-center">Y aquí os dejo una pequeña intervención en televisión de León allá por el 2012 (pinchando en el enlace):</p>



<p><a href="https://www.dropbox.com/s/0lzmqjpua0u3z6s/Televisi%C3%B3n%20le%C3%B3n%202012.mp4?dl=0">https://www.dropbox.com/s/0lzmqjpua0u3z6s/Televisi%C3%B3n%20le%C3%B3n%202012.mp4?dl=0</a></p>

<p>Reportaje para TV León, propósitos 2022: practicar yoga: 29 Noviembre La nueva Crónica, León. Entrevista: Entrevista para radio a comienzos de septiembre 21 en Onda Cero, espero que os guste: https://www.dropbox.com/s/6hjbzvfexdqbs0q/AUD-20210930-WA0032.mp3?dl=0 Y aquí os dejo una pequeña intervención en televisión de León allá por el 2012 (pinchando en el enlace): https://www.dropbox.com/s/0lzmqjpua0u3z6s/Televisi%C3%B3n%20le%C3%B3n%202012.mp4?dl=0</p>
